e 10, what is 26634 - 4?
26630
In base 6, what is 41 - 5254?
-5213
In base 15, what is -24 - 16?
-3a
In base 4, what is -3 + 302?
233
In base 2, what is 11010110 + 11101000?
110111110
In base 7, what is -35052 - 5?
-35060
In base 4, what is 2020232 - -3011?
2023303
In base 6, what is -232 + 11445?
11213
In base 11, what is 6 - 2861?
-2856
In base 10, what is -2537 - -419?
-2118
In base 4, what is 23 + -1221203203?
-1221203120
In base 16, what is 5 + -8270?
-826b
In base 5, what is 3 - -203301044?
203301102
In base 10, what is -1 - -302215?
302214
In base 14, what is 10 + -15182?
-15172
In base 6, what is -500115 + -34?
-500153
In base 9, what is -12255 + 1?
-12254
In base 5, what is -404442 + 200?
-404242
In base 11, what is -50 - -827a6?
82756
In base 12, what is -14b - -52?
-b9
In base 6, what is -13 - -12404?
12351
In base 16, what is -62 + 435?
3d3
In base 13, what is 3b43 - -1?
3b44
In base 10, what is -150002 + -3?
-150005
In base 3, what is -11 - 2100201222221?
-2100202000002
In base 8, what is -2671 + 20?
-2651
In base 8, what is -1672 - 323?
-2215
In base 2, what is 1001011110100 - -1101011110?
1011001010010
In base 6, what is 535401 - 10?
535351
In base 4, what is 100310 - 101?
100203
In base 5, what is 1 + 221143034?
221143040
In base 2, what is 100 - -1000100010010101?
1000100010011001
In base 4, what is 3 - 11331231?
-11331222
In base 14, what is 3986 + 4?
398a
In base 13, what is -4 - 4b89?
-4b90
In base 15, what is -c864 + -86?
-c8ea
In base 8, what is -44 - 2312?
-2356
In base 3, what is 1220020202121 + -11?
1220020202110
In base 15, what is -475e1 + -5?
-475e6
In base 11, what is -36824 - 4?
-36828
In base 6, what is 2213 - -3222?
5435
In base 14, what is a1 - 414?
-353
In base 11, what is 166a1a + -3?
166a17
In base 9, what is -12025 - 312?
-12337
In base 7, what is 1403220 - 3?
1403214
In base 16, what is -7f5a + -1e?
-7f78
In base 13, what is -2909 - 41?
-294a
In base 10, what is -3 + -10699?
-10702
In base 4, what is 201300330 + 10?
201301000
In base 16, what is 4 - 31dba?
-31db6
In base 12, what is 12 - -b988?
b99a
In base 5, what is -2204 + 10014?
2310
In base 5, what is 442033 + -1?
442032
In base 9, what is -1 - 21330?
-21331
In base 9, what is 447212 - -1?
447213
In base 8, what is -26351 - 62?
-26433
In base 9, what is -5014 - 7?
-5022
In base 14, what is -7aa5 - 1?
-7aa6
In base 4, what is -1222 - 133021?
-200303
In base 6, what is 1 + 1223403?
1223404
In base 15, what is 93b9 + -a?
93ae
In base 5, what is -101 + 14144?
14043
In base 2, what is 10001000001110 - 11?
10001000001011
In base 5, what is -103001401 - 0?
-103001401
In base 15, what is 0 - 2edc9?
-2edc9
In base 7, what is 100023 - 5?
100015
In base 4, what is 1 + -102113200?
-102113133
In base 4, what is 32 + 310211320?
310212012
In base 16, what is -2 - -51f0?
51ee
In base 4, what is -3320303 + -10?
-3320313
In base 13, what is -30bb51 - 4?
-30bb55
In base 12, what is -698 - -1a3?
-4b5
In base 3, what is -110122001100 + -10?
-110122001110
In base 15, what is 3 + 25110?
25113
In base 9, what is 841756 + -2?
841754
In base 13, what is 4 - -1607c5?
1607c9
In base 10, what is -4 + -274914?
-274918
In base 10, what is -4 + -2171?
-2175
In base 11, what is -2987 - 129?
-3005
In base 5, what is -133 + 10424?
10241
In base 8, what is 14 - 1664445?
-1664431
In base 16, what is -2b4 - -1121?
e6d
In base 8, what is 2 + -317231?
-317227
In base 15, what is -2 + 9881?
987e
In base 2, what is 1101 - -10001010101?
10001100010
In base 7, what is -52 + 5150?
5065
In base 3, what is -10012 - 12122?
-22211
In base 9, what is 63 - 8068?
-8005
In base 15, what is -4aa + -8?
-4b3
In base 2, what is 101 + -1000011110110?
-1000011110001
In base 15, what is 2426 - 28?
23ed
In base 11, what is -78 + 75?
-3
In base 12, what is -14ba0 - -5?
-14b97
In base 13, what is -1a7c6 + 4?
-1a7c2
In base 5, what is -32 - -2301?
2214
In base 9, what is 316 + 2?
318
In base 7, what is -1344 - -315?
-1026
In base 11, what is -35760 - 0?
-35760
In base 7, what is -3201064 + -5?
-3201102
In base 15, what is -3 + -1200?
-1203
In base 16, what is -b + 90c?
901
In base 16, what is -5d991 + -1?
-5d992
In base 5, what is 4042413 - 10?
4042403
In base 10, what is 4 + 9390?
9394
In base 5, what is -102311412 + 2?
-102311410
In base 7, what is -32 - 6403?
-6435
In base 2, what is 1001100001110111 - -10001?
1001100010001000
In base 14, what is -5c + -3397?
-3415
In base 11, what is 49 + -38a5?
-3857
In base 16, what is -9e7 - 1aa?
-b91
In base 3, what is 10002 + -10202211?
-10122202
In base 12, what is -25 - -1a99?
1a74
In base 9, what is -621 + 5177?
4456
In base 8, what is -1365 + 15?
-1350
In base 9, what is -520317 - 5?
-520323
In base 8, what is -2633 - 4250?
-7103
In base 7, what is 11220443 - 3?
11220440
In base 7, what is -2603 - -36?
-2534
In base 15, what is -68250 - 4?
-68254
In base 3, what is -1201002220 + 12?
-1201002201
In base 9, what is 1277 + 110?
1387
In base 9, what is -322 + 286?
-25
In base 3, what is 0 - -10212010?
10212010
In base 9, what is -1 - -30443?
30442
In base 3, what is -100 - -2022210220?
2022210120
In base 11, what is 1 + -27a0?
-279a
In base 3, what is 201010211001 + -11?
201010210220
In base 8, what is -32 + 25745?
25713
In base 7, what is 0 + -41165?
-41165
In base 6, what is 31145 + -4000?
23145
In base 8, what is 5 - 150042?
-150035
In base 6, what is -2020 - 35514?
-41534
In base 8, what is -45 - 17170?
-17235
In base 14, what is 2 + -ca0a?
-ca08
In base 16, what is -3a - 155e?
-1598
In base 12, what is -5 + 15407?
15402
In base 9, what is -185122 - -5?
-185116
In base 5, what is -33 + -413202?
-413240
In base 14, what is 10 - -386?
396
In base 2, what is 101 - -1100100100010000?
1100100100010101
In base 6, what is -4 - 12104415?
-12104423
In base 16, what is -2e2 + 3?
-2df
In base 2, what is 10 + -10011011101011010?
-10011011101011000
In base 11, what is -32554 + -4?
-32558
In base 5, what is -130142 - -201?
-124441
In base 15, what is -3 + 78eba?
78eb7
In base 6, what is 452 + 15?
511
In base 5, what is 113 - -1201123?
1201241
In base 14, what is 26 + -544?
-51c
In base 4, what is 10 - 232100?
-232030
In base 13, what is 3020b + 1?
3020c
In base 2, what is -110011101111 - -10000?
-110011011111
In base 5, what is 10 + -4333143?
-4333133
In base 2, what is 1010101 - -10100010101?
10101101010
In base 16, what is -188440 - 2?
-188442
In base 10, what is 105 + 269?
374
In base 7, what is -1044340 + 3?
-1044334
In base 3, what is -121111111 + 101122?
-121002212
In base 12, what is -5 - 4715?
-471a
In base 2, what is -1001001100101110 - 11?
-1001001100110001
In base 5, what is 22231 - 2224?
20002
In base 10, what is 9 - 151265?
-151256
In base 8, what is -1230 - -333?
-675
In base 12, what is -11 + -139b?
-13b0
In base 2, what is -1111101 + -100011000?
-110010101
In base 13, what is 8573b - 4?
85737
In base 14, what is -4 + -b43c?
-b442
In base 8, what is -134364 - -5?
-134357
In base 12, what is -85 - -128?
63
In base 6, what is 3 + 415020?
415023
In base 8, what is 6 - -30222?
30230
In base 5, what is 1 - -1223000?
1223001
In base 2, what is 1010000000101000 - -101010?
1010000001010010
In base 4, what is 2231 - 1222033?
-1213202
In base 11, what is 13a91a + 4?
13a923
In base 10, what is 5355 - 4?
5351
In base 12, what is a - 35a9?
-359b
In base 6, what is -12 - -4100230?
4100214
In base 11, what is -2a - -78a?
760
In base 13, what is -7 + 3706?
36cc
In base 10, what is -1385230 - 2?
-1385232
In base 3, what is -11000 - -1022010002?
1021222002
In base 6, what is -13040053 + 0?
-13040053
In base 12, what is 6 + -1308?
-1302
In base 7, what is 6464 - 15?
6446
In base 11, what is 583 - 93a?
-367
In base 15, what is 2b5 - -17a?
440
In base 15, what is -2 + 5d7b?
5d79
In base 11, what is 5 - -12a559?
12a563
In base 16, what is -1 + -114ba1?
-114ba2
In base 4, what is 0 + 1132222202?
1132222202
In base 3, what is 2200222120100 + -10?
2200222120020
In base 5, what is 4304 + 2200?
12004
In base 5, what is 1 + 10323?
10324
In base 5, what is -330321 - -3?
-330313
In base 10, what is -63 + -18268?
-18331
In base 12, what is -1 - -5707a?
57079
In base 16, what is -1060b - -3?
-10608
In base 12, what is -4b6ab8 - 4?
-4b6b00
In base 15, what is 6e + -2c7?
-258
In base 4, what is 